s of c.
3, 5
Let a(s) = -2*s**3 + s**2 + 4*s + 1242. Let n be 0/(7/((-14)/(-4))). What are the prime factors of a(n)?
2, 3, 23
Let l be 20/(-8)*9/((-45)/4). Suppose -946 = -l*j + 4*a, a + 803 = 2*j - 134. What are the prime factors of j?
467
Suppose -3*d - d = -i - 100, 0 = 4*i. Suppose p - g = -d + 625, -g + 5 = 0. What are the prime factors of p?
5, 11
Let b = 202 + 127. Suppose 4*q + 5*s = 1373, 5*s = -q + 3 + b. List the prime factors of q.
347
Let n(g) = -3*g - 5. Let d be n(-4). Let x be (2/d + (-10)/(-14))*5. List the prime factors of (-1156)/(-10) + 2/x.
2, 29
Let t(h) be the second derivative of 5*h**4/3 - 5*h**3/3 + 21*h**2 - 82*h - 2. What are the prime factors of t(7)?
2, 7, 17
Let w = 8018 - -737. Suppose 4*k = 21*k - w. What are the prime factors of k?
5, 103
Suppose -5*y + 101*k - 105*k + 80364 = 0, 0 = y + k - 16073. List the prime factors of y.
2, 7, 41
Let i(a) = a**2 - 5. Let j = -15 + 21. Let h be i(j). Let s = -24 + h. What are the prime factors of s?
7
Let f(p) = 11282*p**2 - 14*p + 4. What are the prime factors of f(1)?
2, 1409
Suppose 3*x + 2*x = -2*w - 16, x = -w - 2. Let d be (-6)/x - 484/(-8). Let h = 148 - d. What are the prime factors of h?
2, 43
Let u(i) be the first derivative of 65*i**3/3 + 3*i**2/2 - i - 51. Let p = -6 + 7. List the prime factors of u(p).
67
Let z be (-9)/((-18)/(-24) - 0). What are the prime factors of 132372/216 - 2/z?
613
Let w = -30 - -91. Let l = w - 56. Let j(y) = 2*y**2 - 5*y - 7. List the prime factors of j(l).
2, 3
Let a = 90 - 44. Let g be ((-3)/((-15)/1528))/(a/115). Suppose -24 - 159 = -i + 3*o, g = 4*i + 4*o. List the prime factors of i.
3, 7
Suppose -20 = 3*z - 8*z. Suppose -2*p - 308 = z*n, -n - p = 2*p + 77. Let c = n - -125. What are the prime factors of c?
2, 3
Let k = 620 - 618. Suppose 2205 = 2*u - 3*c, -k*u + 1009 = 5*c - 1204. What are the prime factors of u?
2, 3, 23
Let p = -54 - -168. Suppose 4*f - 2*x + 286 = 0, 163 = -0*f - 2*f + 5*x. Let k = f + p. List the prime factors of k.
3, 5
Let i(l) = 58*l**3 + 2*l**2 - 16*l + 26. What are the prime factors of i(5)?
2, 3623
Let y be 4 - (6 + -2 + -2). Suppose -4*t = y*j - 172, t = -2*j + 254 - 67. List the prime factors of j.
2, 3
Let k(y) = y**2 + 1. Let w(a) = 19*a**3 + 5*a**2 + 2. Let g(b) = 3*k(b) - w(b). Let f be g(-2). Let n = f + -80. What are the prime factors of n?
5, 13
Suppose -v = -6*v + 11970. Suppose -m - v = -7*m. List the prime factors of m.
3, 7, 19
Let r(b) = 10*b**2 + b - 20. Let y = 7 - 2. Let h be r(y). Suppose 2*m - 37 = h. What are the prime factors of m?
2, 17
Let u = 430 - 418. Let x(r) = -r - 7. Let g be x(-5). Let n = u - g. List the prime factors of n.
2, 7
Suppose -69*p + 6273931 = 21*p + 19*p. What are the prime factors of p?
57559
Suppose 3*y + 8 = -2*z, 0*y - 19 = 3*z + y. Let x(r) = 0*r - 5*r - 13*r + 8*r - 7. List the prime factors of x(z).
3, 7
Let m = -734 - -765. Suppose -5848 = 27*g - m*g. List the prime factors of g.
2, 17, 43
Suppose -5*f - 47 - 33 = -5*d, -f + 20 = d. Let x(p) = -p**2 + 25*p + 25. Let b be x(d). Suppose -383 = -6*u + b. What are the prime factors of u?
89
Let s(t) = 2*t**2 - 37*t - 69. Let r be s(-2). List the prime factors of (0 + -2213 + -1)/((-26)/r).
3, 41
Suppose 4*q = -11 - 9, v = 4*q + 30. Let a = v + -10. Suppose a = j - 4*r - 168, 6*j = 2*j + 5*r + 727. List the prime factors of j.
2, 47
Let k = 603 - 591. Suppose 1465 = k*c - 947. List the prime factors of c.
3, 67
Let h(t) = t + 17. Let q be h(-8). Suppose y + q = -2*o, -2*y = -y - 4*o + 15. Let d = 26 - y. What are the prime factors of d?
37
Suppose q = 5*p + 40, 4*p + 25 = 3*q - 40. What are the prime factors of (-20)/(-8)*2196/q?
2, 3, 61
Suppose -6*f + 3*f - 54 = 0. Let s = 313 - f. List the prime factors of s.
331
Let r(f) = 2*f**2 + 30*f + 257. Let c be r(-19). Suppose y - u + c = 1671, 5024 = 4*y + 2*u. What are the prime factors of y?
2, 17, 37
Suppose 0 = 3*l - 5*b - 30884 - 19793, -10 = 5*b. What are the prime factors of l?
16889
Suppose 3*f - 8*f + 3 = -3*o, o - 7 = -f. Suppose -4*r + 11 = 31, 3*r + 36 = f*h. Suppose -4*u + h*u = 156. List the prime factors of u.
2, 13
Let o(p) = -236*p + 1278. What are the prime factors of o(-36)?
2, 3, 181
Suppose 65*g + 239*g = 995307 + 7463797. List the prime factors of g.
2, 13913
Suppose 6*y - 204 = -0*y. Let r = y - 30. Suppose -5*p + 10*p = -15, 2*o - r*p - 232 = 0. List the prime factors of o.
2, 5, 11
Let z be (-8)/(-16) + (-30)/4. Let k be 4700/9 + z/((-189)/(-6)). Suppose 5*n - k = 2*n. List the prime factors of n.
2, 3, 29
Suppose -7*u + 3*u - 4 = 0. Let q(d) = -225*d**3 + 2*d**2 + 7*d + 6. List the prime factors of q(u).
2, 113
Let s = 304 + -279. Let i(c) = c**3 - 25*c**2 + 3*c - 44. What are the prime factors of i(s)?
31
Suppose 4*r = 5*s - 20, 2*s - 2*r - 1 - 5 = 0. Suppose 0 = n - s*n + 2450. What are the prime factors of n?
2, 5, 7
Let p = -10839 + 16541. List the prime factors of p.
2, 2851
Let m(a) = -3*a**2 + 5*a + 11. Let c be m(3). Let i(b) = 571*b**2 - 2*b + 2. List the prime factors of i(c).
5, 23
Let d = -26 - -44. Let l = d - -118. Let w = l - 73. What are the prime factors of w?
3, 7
Let g = 23 + -21. Suppose -84 = -g*f + 176. Suppose r - 3*r + 460 = 3*d, 4*r = d - f. List the prime factors of d.
2, 3, 5
Let g(p) = 86*p**2 - 18*p - 103. List the prime factors of g(-9).
5, 281
Let j(t) = -t**2 + 19*t - 10. Let b be j(18). Suppose -5*n + 5*v = -36 - 1509, 0 = 2*v + b. List the prime factors of n.
5, 61
Let t(d) = 25*d - 361. Let p(v) = -13*v + 179. Let b(w) = 7*p(w) + 3*t(w). List the prime factors of b(-11).
2, 173
Let i = 2735 + -1327. Suppose 0 = 10*x - i - 1522. List the prime factors of x.
293
Let t(b) be the second derivative of -b**6/120 + 7*b**5/60 + b**3/2 - b**2/2 + 9*b. Let z(p) be the first derivative of t(p). List the prime factors of z(3).
3, 13
Suppose 2*m = 3*m - 5, -2*k + 54 = 2*m. Suppose -4*c + k*c - 14868 = 0. List the prime factors of c.
2, 7, 59
Let d = 2 + 0. Suppose -d*l - 3*l = -20. Suppose l*y = z + 176, 2*y = -4*z + 53 + 17. What are the prime factors of y?
43
Let m(h) = 16685*h. Let f(x) = -83*x. Let l(t) = 1207*f(t) + 6*m(t). Let a = -3 + 1. What are the prime factors of l(a)?
2, 71
Let g = 10980 + -1299. List the prime factors of g.
3, 7, 461
Let f(v) = v**3 + 9*v**2 - 26*v - 14. Let k be f(-11). Suppose 5*m - 30 = 4*t, -3*t = -m - 4*m + k. Suppose -440 = -m*a + 1258. List the prime factors of a.
283
Let s(c) = 3*c**3 + c**2 - 6*c - 1. Let u be s(-4). Suppose 14*f - 284 = 4*y + 9*f, -3*y + 5*f - 213 = 0. Let k = y - u. What are the prime factors of k?
2, 41
What are the prime factors of 4 + -2 + -2 - (62 - 1334)?
2, 3, 53
Suppose -8*v + 65 = -3*v. Suppose 4*k + v = 3*c, k = -4*c - k + 10. Suppose c*d + 4*p = 113, -6*p + p + 115 = 3*d. What are the prime factors of d?
5, 7
Suppose 52*j - 56*j + 3*n + 9 = 0, -4*n = 3*j - 13. Suppose -2*f - p = -j*p - 12, 12 = 2*f - 5*p. List the prime factors of f.
2, 3
Let z(y) = 47*y**2 + 4*y - 1. Let o be z(-2). Let q(d) = -220*d + 80. Let k be q(-3). Suppose 2*f = -2*p + 313 + o, 3*p = -f + k. List the prime factors of p.
13, 19
Let a(g) = g**2 + 6*g - 80. Let x be a(-14). List the prime factors of 1236/2 - 96/x.
3, 5, 41
Let l(a) = 29*a**2 - 39*a - 225. What are the prime factors of l(22)?
12953
Suppose -5*r + 4*r + 2*u = -88, -3*r + 267 = -3*u. Let k = r + -86. Suppose -2*z + 370 = -k. What are the prime factors of z?
11, 17
Suppose -55*p + 60*p - 20 = 0. Let g(d) = d**2 - 3*d. Let l be g(5). Suppose -3*f - 2*f = o - l, 3*o - 30 = -p*f. List the prime factors of o.
2, 5
Suppose -6742880 = -103*w - 12*w - 70*w. What are the prime factors of w?
2, 17, 67
Let u(c) = -509*c - 883. List the prime factors of u(-20).
3, 1033
Let k = -45 - -73. Suppose 5*x - 4*g = -0*x + 433, 4*x = -4*g + 368. Let h = x - k. List the prime factors of h.
61
Let s be 4/6 + 1198704/144. Suppose 0 = -15*a + s + 1890. List the prime factors of a.
3, 227
Let j = -14 + 21. Let d be -5 + j + -1 - (-1 - -2588). List the prime factors of d/(-15) - 15/(-25).
173
Suppose -5*d + 1962 = -x, 200 = d - 5*x - 178. Let g = d - -12. What are the prime factors of g?
3, 5
Let n = -85 + 85. Suppose -4*h + x + 4012 = -n*x, -4*x = 5*h - 5015. What are the prime factors of h?
17, 59
Suppose -29377 = -3*x - 9631. Li